{"id":374,"date":"2024-05-01T14:10:16","date_gmt":"2024-05-01T14:10:16","guid":{"rendered":"http:\/\/mannedujour.ca\/?page_id=374"},"modified":"2024-06-14T02:41:29","modified_gmt":"2024-06-14T02:41:29","slug":"education","status":"publish","type":"page","link":"https:\/\/mannedujour.ca\/?page_id=374","title":{"rendered":"\u00c9ducation"},"content":{"rendered":"\n<div class=\"wp-block-cover alignfull\"><span aria-hidden=\"true\" class=\"wp-block-cover__background has-background-dim-20 has-background-dim\" style=\"background-color:#575141\"><\/span><img loading=\"lazy\" decoding=\"async\" width=\"2280\" height=\"1667\" class=\"wp-block-cover__image-background wp-image-680\" alt=\"\" src=\"https:\/\/mannedujour.ca\/wp-content\/uploads\/2024\/06\/1043207221.jpg\" style=\"object-position:51% 74%\" data-object-fit=\"cover\" data-object-position=\"51% 74%\" srcset=\"https:\/\/mannedujour.ca\/wp-content\/uploads\/2024\/06\/1043207221.jpg 2280w, https:\/\/mannedujour.ca\/wp-content\/uploads\/2024\/06\/1043207221-300x219.jpg 300w, https:\/\/mannedujour.ca\/wp-content\/uploads\/2024\/06\/1043207221-1024x749.jpg 1024w, https:\/\/mannedujour.ca\/wp-content\/uploads\/2024\/06\/1043207221-768x562.jpg 768w, https:\/\/mannedujour.ca\/wp-content\/uploads\/2024\/06\/1043207221-1536x1123.jpg 1536w, https:\/\/mannedujour.ca\/wp-content\/uploads\/2024\/06\/1043207221-2048x1497.jpg 2048w\" sizes=\"auto, (max-width: 2280px) 100vw, 2280px\" \/><div class=\"wp-block-cover__inner-container is-layout-constrained wp-block-cover-is-layout-constrained\">\n<p class=\"has-text-align-center has-nv-site-bg-color has-text-color has-link-color has-x-large-font-size wp-elements-1b6149b086526a516da310de39036949\">\u00c9DUCATION<\/p>\n<\/div><\/div>\n\n\n\n<div style=\"height:50px\" aria-hidden=\"true\" class=\"wp-block-spacer\"><\/div>\n\n\n\n<h3 class=\"wp-block-heading\">Atelier le &#8220;Samedi de jouer&#8221;<\/h3>\n\n\n\n<p>Ces ateliers ciblent des familles ayant des jeunes \u00e2g\u00e9s entre 5 et 12 ans qui vivent dans un contexte de pr\u00e9carit\u00e9 \u00e9conomique et sociale. Les activit\u00e9s organis\u00e9es sont vari\u00e9es et visent \u00e0 ouvrir les horizons des enfants vers le monde qui les entoure. <\/p>\n\n\n\n<p>De plus, ces ateliers sont planifi\u00e9s de fa\u00e7on \u00e0 promouvoir de saines habitudes alimentaires, une vie physiquement active et l\u2019\u00e9veil citoyen. Ils ont lieu les samedis ou les dimanches tout au long de l\u2019ann\u00e9e scolaire.<\/p>\n\n\n\n<div class=\"wp-block-columns is-layout-flex wp-container-core-columns-is-layout-9d6595d7 wp-block-columns-is-layout-flex\">\n<div class=\"wp-block-column is-layout-flow wp-block-column-is-layout-flow\">\n<figure class=\"wp-block-image size-large is-style-rounded\"><img loading=\"lazy\" decoding=\"async\" width=\"1024\" height=\"576\" src=\"http:\/\/mannedujour.ca\/wp-content\/uploads\/2024\/05\/Samedi_1-1024x576.jpg\" alt=\"\" class=\"wp-image-527\" srcset=\"https:\/\/mannedujour.ca\/wp-content\/uploads\/2024\/05\/Samedi_1-1024x576.jpg 1024w, https:\/\/mannedujour.ca\/wp-content\/uploads\/2024\/05\/Samedi_1-300x169.jpg 300w, https:\/\/mannedujour.ca\/wp-content\/uploads\/2024\/05\/Samedi_1-768x432.jpg 768w, https:\/\/mannedujour.ca\/wp-content\/uploads\/2024\/05\/Samedi_1.jpg 1100w\" sizes=\"auto, (max-width: 1024px) 100vw, 1024px\" \/><\/figure>\n\n\n\n<div style=\"height:20px\" aria-hidden=\"true\" class=\"wp-block-spacer\"><\/div>\n\n\n\n<figure class=\"wp-block-image size-full is-style-rounded\"><img loading=\"lazy\" decoding=\"async\" width=\"997\" height=\"800\" src=\"http:\/\/mannedujour.ca\/wp-content\/uploads\/2024\/05\/Samedi_3.jpg\" alt=\"\" class=\"wp-image-529\" srcset=\"https:\/\/mannedujour.ca\/wp-content\/uploads\/2024\/05\/Samedi_3.jpg 997w, https:\/\/mannedujour.ca\/wp-content\/uploads\/2024\/05\/Samedi_3-300x241.jpg 300w, https:\/\/mannedujour.ca\/wp-content\/uploads\/2024\/05\/Samedi_3-768x616.jpg 768w\" sizes=\"auto, (max-width: 997px) 100vw, 997px\" \/><\/figure>\n<\/div>\n\n\n\n<div class=\"wp-block-column is-layout-flow wp-block-column-is-layout-flow\">\n<figure class=\"wp-block-image size-full is-style-rounded\"><img loading=\"lazy\" decoding=\"async\" width=\"544\" height=\"413\" src=\"http:\/\/mannedujour.ca\/wp-content\/uploads\/2024\/05\/Samedi_2.jpeg\" alt=\"\" class=\"wp-image-528\" srcset=\"https:\/\/mannedujour.ca\/wp-content\/uploads\/2024\/05\/Samedi_2.jpeg 544w, https:\/\/mannedujour.ca\/wp-content\/uploads\/2024\/05\/Samedi_2-300x228.jpeg 300w\" sizes=\"auto, (max-width: 544px) 100vw, 544px\" \/><\/figure>\n\n\n\n<div style=\"height:20px\" aria-hidden=\"true\" class=\"wp-block-spacer\"><\/div>\n\n\n\n<figure class=\"wp-block-image size-full is-style-rounded\"><img loading=\"lazy\" decoding=\"async\" width=\"547\" height=\"338\" src=\"http:\/\/mannedujour.ca\/wp-content\/uploads\/2024\/05\/Samedi_4.jpeg\" alt=\"\" class=\"wp-image-530\" srcset=\"https:\/\/mannedujour.ca\/wp-content\/uploads\/2024\/05\/Samedi_4.jpeg 547w, https:\/\/mannedujour.ca\/wp-content\/uploads\/2024\/05\/Samedi_4-300x185.jpeg 300w\" sizes=\"auto, (max-width: 547px) 100vw, 547px\" \/><\/figure>\n<\/div>\n<\/div>\n","protected":false},"excerpt":{"rendered":"<p>Atelier le &#8220;Samedi de jouer&#8221; Ces ateliers ciblent des familles ayant des jeunes \u00e2g\u00e9s entre 5 et 12 ans qui vivent dans un contexte de pr\u00e9carit\u00e9 \u00e9conomique et sociale. Les activit\u00e9s organis\u00e9es sont vari\u00e9es et visent \u00e0 ouvrir les horizons des enfants vers le monde qui les entoure. De plus, ces ateliers sont planifi\u00e9s de&hellip;&nbsp;<a href=\"https:\/\/mannedujour.ca\/?page_id=374\" class=\"\" rel=\"bookmark\">Read More &raquo;<span class=\"screen-reader-text\">\u00c9ducation<\/span><\/a><\/p>\n","protected":false},"author":2,"featured_media":0,"parent":0,"menu_order":0,"comment_status":"closed","ping_status":"closed","template":"","meta":{"neve_meta_sidebar":"","neve_meta_container":"","neve_meta_enable_content_width":"","neve_meta_content_width":0,"neve_meta_title_alignment":"","neve_meta_author_avatar":"","neve_post_elements_order":"","neve_meta_disable_header":"","neve_meta_disable_footer":"","neve_meta_disable_title":"on","footnotes":""},"class_list":["post-374","page","type-page","status-publish","hentry"],"_links":{"self":[{"href":"https:\/\/mannedujour.ca\/index.php?rest_route=\/wp\/v2\/pages\/374","targetHints":{"allow":["GET"]}}],"collection":[{"href":"https:\/\/mannedujour.ca\/index.php?rest_route=\/wp\/v2\/pages"}],"about":[{"href":"https:\/\/mannedujour.ca\/index.php?rest_route=\/wp\/v2\/types\/page"}],"author":[{"embeddable":true,"href":"https:\/\/mannedujour.ca\/index.php?rest_route=\/wp\/v2\/users\/2"}],"replies":[{"embeddable":true,"href":"https:\/\/mannedujour.ca\/index.php?rest_route=%2Fwp%2Fv2%2Fcomments&post=374"}],"version-history":[{"count":5,"href":"https:\/\/mannedujour.ca\/index.php?rest_route=\/wp\/v2\/pages\/374\/revisions"}],"predecessor-version":[{"id":683,"href":"https:\/\/mannedujour.ca\/index.php?rest_route=\/wp\/v2\/pages\/374\/revisions\/683"}],"wp:attachment":[{"href":"https:\/\/mannedujour.ca\/index.php?rest_route=%2Fwp%2Fv2%2Fmedia&parent=374"}],"curies":[{"name":"wp","href":"https:\/\/api.w.org\/{rel}","templated":true}]}}