{"id":379,"date":"2024-05-01T14:10:16","date_gmt":"2024-05-01T14:10:16","guid":{"rendered":"http:\/\/mannedujour.ca\/?page_id=379"},"modified":"2024-06-15T01:04:59","modified_gmt":"2024-06-15T01:04:59","slug":"donateurs-financiers","status":"publish","type":"page","link":"https:\/\/mannedujour.ca\/?page_id=379","title":{"rendered":"Donateurs financiers"},"content":{"rendered":"\n<div class=\"wp-block-cover alignfull\"><span aria-hidden=\"true\" class=\"wp-block-cover__background has-background-dim-20 has-background-dim\" style=\"background-color:#585757\"><\/span><img loading=\"lazy\" decoding=\"async\" width=\"2000\" height=\"1333\" class=\"wp-block-cover__image-background wp-image-718\" alt=\"\" src=\"https:\/\/mannedujour.ca\/wp-content\/uploads\/2024\/06\/donateurs.jpg\" style=\"object-position:50% 44%\" data-object-fit=\"cover\" data-object-position=\"50% 44%\" srcset=\"https:\/\/mannedujour.ca\/wp-content\/uploads\/2024\/06\/donateurs.jpg 2000w, https:\/\/mannedujour.ca\/wp-content\/uploads\/2024\/06\/donateurs-300x200.jpg 300w, https:\/\/mannedujour.ca\/wp-content\/uploads\/2024\/06\/donateurs-1024x682.jpg 1024w, https:\/\/mannedujour.ca\/wp-content\/uploads\/2024\/06\/donateurs-768x512.jpg 768w, https:\/\/mannedujour.ca\/wp-content\/uploads\/2024\/06\/donateurs-1536x1024.jpg 1536w, https:\/\/mannedujour.ca\/wp-content\/uploads\/2024\/06\/donateurs-930x620.jpg 930w\" sizes=\"auto, (max-width: 2000px) 100vw, 2000px\" \/><div class=\"wp-block-cover__inner-container is-layout-constrained wp-block-cover-is-layout-constrained\">\n<p class=\"has-text-align-center has-nv-site-bg-color has-text-color has-link-color has-x-large-font-size wp-elements-d5c1713f177f6a0cad5e3e6137b6b827\">DONATEURS FINANCIERS<\/p>\n<\/div><\/div>\n\n\n\n<div style=\"height:50px\" aria-hidden=\"true\" class=\"wp-block-spacer\"><\/div>\n\n\n\n<div class=\"wp-block-media-text is-stacked-on-mobile\" style=\"grid-template-columns:39% auto\"><figure class=\"wp-block-media-text__media\"><img loading=\"lazy\" decoding=\"async\" width=\"394\" height=\"206\" src=\"https:\/\/mannedujour.ca\/wp-content\/uploads\/2024\/06\/03-slider-sf-diamant-62_1.jpg\" alt=\"\" class=\"wp-image-729 size-full\" srcset=\"https:\/\/mannedujour.ca\/wp-content\/uploads\/2024\/06\/03-slider-sf-diamant-62_1.jpg 394w, https:\/\/mannedujour.ca\/wp-content\/uploads\/2024\/06\/03-slider-sf-diamant-62_1-300x157.jpg 300w\" sizes=\"auto, (max-width: 394px) 100vw, 394px\" \/><\/figure><div class=\"wp-block-media-text__content\">\n<h2 class=\"wp-block-heading has-text-align-center\">DONATEURS <em><mark style=\"background-color:rgba(0, 0, 0, 0);color:#b3cece\" class=\"has-inline-color\">DIAMANT<\/mark><\/em><\/h2>\n\n\n\n<h3 class=\"wp-block-heading has-text-align-center\">(5 000$ et plus)<\/h3>\n<\/div><\/div>\n\n\n\n<div style=\"height:20px\" aria-hidden=\"true\" class=\"wp-block-spacer\"><\/div>\n\n\n\n<div class=\"wp-block-columns is-layout-flex wp-container-core-columns-is-layout-9d6595d7 wp-block-columns-is-layout-flex\">\n<div class=\"wp-block-column is-layout-flow wp-block-column-is-layout-flow\"><div class=\"wp-block-image\">\n<figure class=\"aligncenter size-full\"><img loading=\"lazy\" decoding=\"async\" width=\"258\" height=\"87\" src=\"https:\/\/mannedujour.ca\/wp-content\/uploads\/2024\/06\/caisse_1.jpg\" alt=\"\" class=\"wp-image-722\"\/><\/figure>\n<\/div>\n\n<div class=\"wp-block-image\">\n<figure class=\"aligncenter size-full\"><img loading=\"lazy\" decoding=\"async\" width=\"250\" height=\"80\" src=\"https:\/\/mannedujour.ca\/wp-content\/uploads\/2024\/06\/logo-desjardins-riviere-rouge_1.jpg\" alt=\"\" class=\"wp-image-723\"\/><\/figure>\n<\/div><\/div>\n\n\n\n<div class=\"wp-block-column is-layout-flow wp-block-column-is-layout-flow\"><div class=\"wp-block-image\">\n<figure class=\"aligncenter size-full\"><img loading=\"lazy\" decoding=\"async\" width=\"213\" height=\"98\" src=\"https:\/\/mannedujour.ca\/wp-content\/uploads\/2024\/06\/capture-d-e-cran-2018-04-09-a-15-50-11_1.png\" alt=\"\" class=\"wp-image-724\"\/><\/figure>\n<\/div>\n\n<div class=\"wp-block-image\">\n<figure class=\"aligncenter size-full\"><img loading=\"lazy\" decoding=\"async\" width=\"307\" height=\"106\" src=\"https:\/\/mannedujour.ca\/wp-content\/uploads\/2024\/06\/csshl-quebec.webp\" alt=\"\" class=\"wp-image-725\" srcset=\"https:\/\/mannedujour.ca\/wp-content\/uploads\/2024\/06\/csshl-quebec.webp 307w, https:\/\/mannedujour.ca\/wp-content\/uploads\/2024\/06\/csshl-quebec-300x104.webp 300w\" sizes=\"auto, (max-width: 307px) 100vw, 307px\" \/><\/figure>\n<\/div><\/div>\n\n\n\n<div class=\"wp-block-column is-layout-flow wp-block-column-is-layout-flow\"><div class=\"wp-block-image\">\n<figure class=\"aligncenter size-full\"><img loading=\"lazy\" decoding=\"async\" width=\"306\" height=\"98\" src=\"https:\/\/mannedujour.ca\/wp-content\/uploads\/2024\/06\/promutuel.png\" alt=\"\" class=\"wp-image-726\" srcset=\"https:\/\/mannedujour.ca\/wp-content\/uploads\/2024\/06\/promutuel.png 306w, https:\/\/mannedujour.ca\/wp-content\/uploads\/2024\/06\/promutuel-300x96.png 300w\" sizes=\"auto, (max-width: 306px) 100vw, 306px\" \/><\/figure>\n<\/div>\n\n<div class=\"wp-block-image\">\n<figure class=\"aligncenter size-full\"><img loading=\"lazy\" decoding=\"async\" width=\"184\" height=\"120\" src=\"https:\/\/mannedujour.ca\/wp-content\/uploads\/2024\/06\/ia.png\" alt=\"\" class=\"wp-image-727\"\/><\/figure>\n<\/div><\/div>\n\n\n\n<div class=\"wp-block-column is-layout-flow wp-block-column-is-layout-flow\"><div class=\"wp-block-image\">\n<figure class=\"aligncenter size-full is-resized\"><img loading=\"lazy\" decoding=\"async\" width=\"260\" height=\"140\" src=\"https:\/\/mannedujour.ca\/wp-content\/uploads\/2024\/06\/54603.png\" alt=\"\" class=\"wp-image-728\" style=\"width:195px;height:auto\"\/><\/figure>\n<\/div><\/div>\n<\/div>\n\n\n\n<hr class=\"wp-block-separator has-alpha-channel-opacity\"\/>\n\n\n\n<div class=\"wp-block-media-text is-stacked-on-mobile\" style=\"grid-template-columns:39% auto\"><figure class=\"wp-block-media-text__media\"><img loading=\"lazy\" decoding=\"async\" width=\"399\" height=\"223\" src=\"https:\/\/mannedujour.ca\/wp-content\/uploads\/2024\/06\/or_1.jpg\" alt=\"\" class=\"wp-image-730 size-full\" srcset=\"https:\/\/mannedujour.ca\/wp-content\/uploads\/2024\/06\/or_1.jpg 399w, https:\/\/mannedujour.ca\/wp-content\/uploads\/2024\/06\/or_1-300x168.jpg 300w\" sizes=\"auto, (max-width: 399px) 100vw, 399px\" \/><\/figure><div class=\"wp-block-media-text__content\">\n<h2 class=\"wp-block-heading has-text-align-center\">DONATEURS <em><mark style=\"background-color:rgba(0, 0, 0, 0);color:#fcd93a\" class=\"has-inline-color\">OR<\/mark><\/em><\/h2>\n\n\n\n<h3 class=\"wp-block-heading has-text-align-center\">(1 000$ \u00e0 4 999$)<\/h3>\n<\/div><\/div>\n\n\n\n<div style=\"height:20px\" aria-hidden=\"true\" class=\"wp-block-spacer\"><\/div>\n\n\n\n<div class=\"wp-block-columns is-layout-flex wp-container-core-columns-is-layout-9d6595d7 wp-block-columns-is-layout-flex\">\n<div class=\"wp-block-column is-layout-flow wp-block-column-is-layout-flow\">\n<h4 class=\"wp-block-heading has-text-align-center\">Les ambulances Bouchard<\/h4>\n\n\n\n<h4 class=\"wp-block-heading has-text-align-center\">Fondation \u00c9milie-Tavernier Gamelin<\/h4>\n\n\n\n<h4 class=\"wp-block-heading has-text-align-center\">Garage Blais et fils<\/h4>\n\n\n\n<h4 class=\"wp-block-heading has-text-align-center\">Fondation Laure-Gaudreault<\/h4>\n\n\n\n<h4 class=\"wp-block-heading has-text-align-center\">IA Groupe Financier<\/h4>\n<\/div>\n\n\n\n<div class=\"wp-block-column is-layout-flow wp-block-column-is-layout-flow\">\n<h4 class=\"wp-block-heading has-text-align-center\">Fond aide F\u00c9Q<\/h4>\n\n\n\n<h4 class=\"wp-block-heading has-text-align-center\">Bedaines &amp; Coccinelles<\/h4>\n\n\n\n<h4 class=\"wp-block-heading has-text-align-center\">Municipalit\u00e9 de Mont-Laurier<\/h4>\n\n\n\n<h4 class=\"wp-block-heading has-text-align-center\">Monique L. Fortin CPA inc.<\/h4>\n\n\n\n<h4 class=\"wp-block-heading has-text-align-center\">Fondation Sibylla Hesse<\/h4>\n<\/div>\n\n\n\n<div class=\"wp-block-column is-layout-flow wp-block-column-is-layout-flow\">\n<h4 class=\"wp-block-heading has-text-align-center\">Yvon Boisclair<\/h4>\n\n\n\n<h4 class=\"wp-block-heading has-text-align-center\">Accent Meubles Mont-Laurier<\/h4>\n\n\n\n<h4 class=\"wp-block-heading has-text-align-center\">LEGS Fr\u00e8res Saint-Gabriel<\/h4>\n\n\n\n<h4 class=\"wp-block-heading has-text-align-center\">Municipalit\u00e9 de Nominingue<\/h4>\n\n\n\n<h4 class=\"wp-block-heading has-text-align-center\">ORMetaStudio<\/h4>\n<\/div>\n<\/div>\n\n\n\n<hr class=\"wp-block-separator has-alpha-channel-opacity\"\/>\n\n\n\n<div class=\"wp-block-media-text is-stacked-on-mobile\" style=\"grid-template-columns:39% auto\"><figure class=\"wp-block-media-text__media\"><img loading=\"lazy\" decoding=\"async\" width=\"405\" height=\"226\" src=\"https:\/\/mannedujour.ca\/wp-content\/uploads\/2024\/06\/argent_2.jpg\" alt=\"\" class=\"wp-image-731 size-full\" srcset=\"https:\/\/mannedujour.ca\/wp-content\/uploads\/2024\/06\/argent_2.jpg 405w, https:\/\/mannedujour.ca\/wp-content\/uploads\/2024\/06\/argent_2-300x167.jpg 300w\" sizes=\"auto, (max-width: 405px) 100vw, 405px\" \/><\/figure><div class=\"wp-block-media-text__content\">\n<h2 class=\"wp-block-heading has-text-align-center\">DONATEURS <em><mark style=\"background-color:rgba(0, 0, 0, 0);color:#959595\" class=\"has-inline-color\">ARGENT<\/mark><\/em><\/h2>\n\n\n\n<h3 class=\"wp-block-heading has-text-align-center\">(500$ \u00e0 999$)<\/h3>\n<\/div><\/div>\n\n\n\n<div style=\"height:20px\" aria-hidden=\"true\" class=\"wp-block-spacer\"><\/div>\n\n\n\n<div class=\"wp-block-columns is-layout-flex wp-container-core-columns-is-layout-9d6595d7 wp-block-columns-is-layout-flex\">\n<div class=\"wp-block-column is-layout-flow wp-block-column-is-layout-flow\">\n<h4 class=\"wp-block-heading has-text-align-center\">Municipalit\u00e9 de Rivi\u00e8re-Rouge<\/h4>\n<\/div>\n\n\n\n<div class=\"wp-block-column is-layout-flow wp-block-column-is-layout-flow\">\n<h4 class=\"wp-block-heading has-text-align-center\">Municipalit\u00e9 de Lac-Saguay<\/h4>\n<\/div>\n\n\n\n<div class=\"wp-block-column is-layout-flow wp-block-column-is-layout-flow\">\n<h4 class=\"wp-block-heading has-text-align-center\">APPQ<\/h4>\n<\/div>\n<\/div>\n\n\n\n<hr class=\"wp-block-separator has-alpha-channel-opacity\"\/>\n\n\n\n<div class=\"wp-block-media-text is-stacked-on-mobile\" style=\"grid-template-columns:39% auto\"><figure class=\"wp-block-media-text__media\"><img loading=\"lazy\" decoding=\"async\" width=\"409\" height=\"228\" src=\"https:\/\/mannedujour.ca\/wp-content\/uploads\/2024\/06\/bronze_1.jpg\" alt=\"\" class=\"wp-image-732 size-full\" srcset=\"https:\/\/mannedujour.ca\/wp-content\/uploads\/2024\/06\/bronze_1.jpg 409w, https:\/\/mannedujour.ca\/wp-content\/uploads\/2024\/06\/bronze_1-300x167.jpg 300w\" sizes=\"auto, (max-width: 409px) 100vw, 409px\" \/><\/figure><div class=\"wp-block-media-text__content\">\n<h2 class=\"wp-block-heading has-text-align-center\">DONATEURS <em><mark style=\"background-color:rgba(0, 0, 0, 0);color:#b07b46\" class=\"has-inline-color\">BRONZE<\/mark><\/em><\/h2>\n\n\n\n<h3 class=\"wp-block-heading has-text-align-center\">(499$ et moins)<\/h3>\n<\/div><\/div>\n\n\n\n<div style=\"height:20px\" aria-hidden=\"true\" class=\"wp-block-spacer\"><\/div>\n\n\n\n<div class=\"wp-block-columns is-layout-flex wp-container-core-columns-is-layout-9d6595d7 wp-block-columns-is-layout-flex\">\n<div class=\"wp-block-column is-layout-flow wp-block-column-is-layout-flow\">\n<h4 class=\"wp-block-heading has-text-align-center\">Isabelle Gaudreau<\/h4>\n\n\n\n<h4 class=\"wp-block-heading has-text-align-center\">R\u00e9frig\u00e9ration Pierre Larente<\/h4>\n\n\n\n<h4 class=\"wp-block-heading has-text-align-center\">Municipalit\u00e9 de Grand-Remous<\/h4>\n\n\n\n<h4 class=\"wp-block-heading has-text-align-center\">Karine Sabourin<\/h4>\n\n\n\n<h4 class=\"wp-block-heading has-text-align-center\">Suzane B\u00e9langer<\/h4>\n\n\n\n<h4 class=\"wp-block-heading has-text-align-center\">Granite rose de Gu\u00e9nette<\/h4>\n<\/div>\n\n\n\n<div class=\"wp-block-column is-layout-flow wp-block-column-is-layout-flow\">\n<h4 class=\"wp-block-heading has-text-align-center\">Congr\u00e9gation du tr\u00e8s Saint-Sacrement<\/h4>\n\n\n\n<h4 class=\"wp-block-heading has-text-align-center\">Municipalit\u00e9 Kiamika<\/h4>\n\n\n\n<h4 class=\"wp-block-heading has-text-align-center\">Mont-Laurier Sports<\/h4>\n\n\n\n<h4 class=\"wp-block-heading has-text-align-center\">Michel Lacasse<\/h4>\n\n\n\n<h4 class=\"wp-block-heading has-text-align-center\">Plomberie Martine<\/h4>\n\n\n\n<h4 class=\"wp-block-heading has-text-align-center\">Nancy Cloutier<\/h4>\n<\/div>\n\n\n\n<div class=\"wp-block-column is-layout-flow wp-block-column-is-layout-flow\">\n<h4 class=\"wp-block-heading has-text-align-center\">Michel Chalifoux<\/h4>\n\n\n\n<h4 class=\"wp-block-heading has-text-align-center\">Philippe Pelletier<\/h4>\n\n\n\n<h4 class=\"wp-block-heading has-text-align-center\">Pi\u00e8ces d\u2019auto L\u00e9on Grenier<\/h4>\n\n\n\n<h4 class=\"wp-block-heading has-text-align-center\">CD des Hautes-Laurentides<\/h4>\n\n\n\n<h4 class=\"wp-block-heading has-text-align-center\">Autobus Lachaine<\/h4>\n\n\n\n<h4 class=\"wp-block-heading has-text-align-center\">Espace JLP B\u00e9langer<\/h4>\n\n\n\n<p class=\"has-text-align-center\">Et bien plus&#8230;<\/p>\n<\/div>\n<\/div>\n\n\n\n<p><\/p>\n","protected":false},"excerpt":{"rendered":"<p>DONATEURS DIAMANT (5 000$ et plus) DONATEURS OR (1 000$ \u00e0 4 999$) Les ambulances Bouchard Fondation \u00c9milie-Tavernier Gamelin Garage Blais et fils Fondation Laure-Gaudreault IA Groupe Financier Fond aide F\u00c9Q Bedaines &amp; Coccinelles Municipalit\u00e9 de Mont-Laurier Monique L. Fortin CPA inc. Fondation Sibylla Hesse Yvon Boisclair Accent Meubles Mont-Laurier LEGS Fr\u00e8res Saint-Gabriel Municipalit\u00e9 de&hellip;&nbsp;<a href=\"https:\/\/mannedujour.ca\/?page_id=379\" class=\"\" rel=\"bookmark\">Read More &raquo;<span class=\"screen-reader-text\">Donateurs financiers<\/span><\/a><\/p>\n","protected":false},"author":2,"featured_media":0,"parent":0,"menu_order":0,"comment_status":"closed","ping_status":"closed","template":"","meta":{"neve_meta_sidebar":"","neve_meta_container":"","neve_meta_enable_content_width":"","neve_meta_content_width":0,"neve_meta_title_alignment":"","neve_meta_author_avatar":"","neve_post_elements_order":"","neve_meta_disable_header":"","neve_meta_disable_footer":"","neve_meta_disable_title":"on","footnotes":""},"class_list":["post-379","page","type-page","status-publish","hentry"],"_links":{"self":[{"href":"https:\/\/mannedujour.ca\/index.php?rest_route=\/wp\/v2\/pages\/379","targetHints":{"allow":["GET"]}}],"collection":[{"href":"https:\/\/mannedujour.ca\/index.php?rest_route=\/wp\/v2\/pages"}],"about":[{"href":"https:\/\/mannedujour.ca\/index.php?rest_route=\/wp\/v2\/types\/page"}],"author":[{"embeddable":true,"href":"https:\/\/mannedujour.ca\/index.php?rest_route=\/wp\/v2\/users\/2"}],"replies":[{"embeddable":true,"href":"https:\/\/mannedujour.ca\/index.php?rest_route=%2Fwp%2Fv2%2Fcomments&post=379"}],"version-history":[{"count":7,"href":"https:\/\/mannedujour.ca\/index.php?rest_route=\/wp\/v2\/pages\/379\/revisions"}],"predecessor-version":[{"id":736,"href":"https:\/\/mannedujour.ca\/index.php?rest_route=\/wp\/v2\/pages\/379\/revisions\/736"}],"wp:attachment":[{"href":"https:\/\/mannedujour.ca\/index.php?rest_route=%2Fwp%2Fv2%2Fmedia&parent=379"}],"curies":[{"name":"wp","href":"https:\/\/api.w.org\/{rel}","templated":true}]}}